059 is divided by 526?
37
What is the remainder when 101428 is divided by 845?
28
What is the remainder when 42817 is divided by 133?
124
Calculate the remainder when 496793 is divided by 828.
821
What is the remainder when 8719703 is divided by 584?
583
What is the remainder when 494 is divided by 469?
25
Calculate the remainder when 154485 is divided by 314.
311
Calculate the remainder when 1639 is divided by 132.
55
Calculate the remainder when 8806 is divided by 918.
544
Calculate the remainder when 3893 is divided by 11.
10
What is the remainder when 76711 is divided by 335?
331
Calculate the remainder when 701 is divided by 297.
107
Calculate the remainder when 13080 is divided by 153.
75
What is the remainder when 16467 is divided by 206?
193
Calculate the remainder when 37642 is divided by 4702.
26
What is the remainder when 2539 is divided by 19?
12
What is the remainder when 747 is divided by 410?
337
What is the remainder when 5760701 is divided by 85?
81
Calculate the remainder when 2585641 is divided by 401.
394
Calculate the remainder when 17400 is divided by 110.
20
Calculate the remainder when 24734 is divided by 217.
213
Calculate the remainder when 310721 is divided by 75.
71
Calculate the remainder when 5681 is divided by 82.
23
What is the remainder when 53731 is divided by 113?
56
Calculate the remainder when 1197 is divided by 204.
177
What is the remainder when 10702 is divided by 2463?
850
What is the remainder when 1810 is divided by 50?
10
Calculate the remainder when 713076 is divided by 8.
4
What is the remainder when 616 is divided by 47?
5
What is the remainder when 73932 is divided by 11?
1
Calculate the remainder when 17531 is divided by 2190.
11
Calculate the remainder when 12064 is divided by 1309.
283
Calculate the remainder when 107203 is divided by 15.
13
Calculate the remainder when 3407 is divided by 1913.
1494
What is the remainder when 742 is divided by 83?
78
Calculate the remainder when 1120 is divided by 1119.
1
What is the remainder when 11636 is divided by 1447?
60
Calculate the remainder when 2235965 is divided by 136.
125
What is the remainder when 2061 is divided by 687?
0
Calculate the remainder when 9003749 is divided by 245.
244
Calculate the remainder when 421946 is divided by 140624.
74
What is the remainder when 357 is divided by 303?
54
Calculate the remainder when 474078 is divided by 59257.
22
Calculate the remainder when 48241 is divided by 4383.
28
What is the remainder when 16738 is divided by 122?
24
Calculate the remainder when 7369 is divided by 1025.
194
What is the remainder when 608601 is divided by 1064?
1057
What is the remainder when 10754 is divided by 565?
19
Calculate the remainder when 141135 is divided by 17641.
7
What is the remainder when 74715 is divided by 4393?
34
Calculate the remainder when 911 is divided by 203.
99
Calculate the remainder when 43416 is divided by 1608.
0
Calculate the remainder when 230797 is divided by 321.
319
What is the remainder when 735 is divided by 34?
21
What is the remainder when 4839 is divided by 82?
1
Calculate the remainder when 7389 is divided by 1055.
4
What is the remainder when 63720 is divided by 193?
30
What is the remainder when 197505 is divided by 50?
5
What is the remainder when 482 is divided by 150?
32
Calculate the remainder when 33512 is divided by 8369.
36
Calculate the remainder when 11129 is divided by 5564.
1
Calculate the remainder when 1826846 is divided by 11.
10
Calculate the remainder when 16020 is divided by 1335.
0
What is the remainder when 395 is divided by 121?
32
What is the remainder when 86688 is divided by 20?
8
What is the remainder when 9114 is divided by 999?
123
What is the remainder when 47568 is divided by 486?
426
Calculate the remainder when 61179 is divided by 28.
27
Calculate the remainder when 4621853 is divided by 35.
33
What is the remainder when 1514 is divided by 374?
18
What is the remainder when 59013 is divided by 14751?
9
Calculate the remainder when 81599 is divided by 150.
149
What is the remainder when 1477 is divided by 812?
665
Calculate the remainder when 1071 is divided by 215.
211
Calculate the remainder when 5901 is divided by 603.
474
Calculate the remainder when 17364 is divided by 41.
21
Calculate the remainder when 4752173 is divided by 1612.
1609
What is the remainder when 585 is divided by 160?
105
What is the remainder when 121782 is divided by 315?
192
Calculate the remainder when 1953827 is divided by 79.
78
What is the remainder when 2345 is divided by 470?
465
Calculate the remainder when 73033 is divided by 62.
59
What is the remainder when 263462 is divided by 126?
122
Calculate the remainder when 8969 is divided by 2697.
878
What is the remainder when 5133 is divided by 637?
37
What is the remainder when 149699 is divided by 12?
11
What is the remainder when 3867 is divided by 169?
149
What is the remainder when 5379 is divided by 1040?
179
What is the remainder when 61594 is divided by 229?
222
Calculate the remainder when 4901 is divided by 9.
5
What is the remainder when 1479 is divided by 17?
0
Calculate the remainder when 7059 is divided by 23.
21
What is the remainder when 833 is divided by 734?
99
What is the remainder when 41180 is divided by 208?
204
What is the remainder when 548068 is divided by 8?
4
Calculate the remainder when 760 is divided by 642.
118
What is the remainder when 1778 is divided by 8?
2
What is the remainder when 6494 is divided by 1295?
19
Calculate the remainder when 5085 is divided by 831.
99
Calculate the remainder when 1925397 is divided by 200.
197
What is the remainder when 6889666 is divided by 356?
354
What is the remainder when 1246 is divided by 1224?
22
Calculate the remainder when 387 is divided by 40.
27
What is the remainder when 164973 is divided by 146?
139
What is the remainder when 97841 is divided by 10?
1
Calculate the remainder when 87490 is divided by 194.
190
Calculate the remainder when 4953 is divided by 262.
237
What is the remainder when 1183 is divided by 303?
274
Calculate the remainder when 287442 is divided by 35925.
42
What is the remainder when 43885 is divided by 231?
226
Calculate the remainder when 16171918 is divided by 18.
16
What is the remainder when 114386 is divided by 413?
398
What is the remainder when 4501006 is divided by 1656?
1654
Calculate the remainder when 10469 is divided by 44.
41
What is the remainder when 443457 is divided by 44344?
17
What is the remainder when 12818 is divided by 923?
819
Calculate the remainder when 31033 is divided by 58.
3
What is the remainder when 57826 is divided by 61?
59
Calculate the remainder when 13390 is divided by 66.
58
Calculate the remainder when 6353 is divided by 1555.
133
Calculate the remainder when 1902859 is divided by 237856.
11
What is the remainder when 7260 is divided by 148?
8
Calculate the remainder when 149181 is divided by 29834.
11
What is the remainder when 50486 is divided by 48?
38
Calculate the remainder when 12876 is divided by 117.
6
Calculate the remainder when 616865 is divided by 11.
7
What is the remainder when 10055 is divided by 1255?
15
What is the remainder when 2811 is divided by 482?
401
Calculate the remainder when 3660 is divided by 3635.
25
What is the remainder when 10310 is divided by 3425?
35
Calculate the remainder when 24855 is divided by 12397.
61
Calculate the remainder when 1770 is divided by 540.
150
What is the remainder when 8849 is divided by 369?
362
What is the remainder when 424330 is divided by 980?
970
What is the remainder when 78433 is divided by 1426?
3
What is the remainder when 1511 is divided by 203?
90
Calculate the remainder when 16086 is divided by 10.
6
What is the remainder when 66543 is divided by 50?
43
Calculate the remainder when 477712 is divided by 206.
204
Calculate the remainder when 1135617 is divided by 162.
159
What is the remainder when 29957 is divided by 71?
66
What is the remainder when 30954 is divided by 249?
78
What is the remainder when 10913 is divided by 451?
89
What is the remainder when 9083 is divided by 64?
59
Calculate the remainder when 350 is divided by 116.
2
What is the remainder when 5898 is divided by 491?
6
Calculate the remainder when 15687 